-2). What are the prime factors of j(i)?
2
Suppose -z + 40 = -2*t, 2*t + 2*t + 4 = 0. List the prime factors of z.
2, 19
Let z(u) be the third derivative of u**6/120 + 7*u**5/60 - 7*u**3/6 - 5*u**2. What are the prime factors of z(-6)?
29
Suppose 0 = u - 0*u + 5. Let s = u + 10. Suppose -19 = -s*q + 31. What are the prime factors of q?
2, 5
Let k(n) = n + 3. Let y be k(5). Suppose t = -0*o + 4*o - 14, y = -4*t. What are the prime factors of o?
3
Suppose -716 = -4*g - 2*c, -g + 5*c - 890 = -6*g. List the prime factors of g.
2, 3, 5
Let c be (-2 + 3/2)*-74. Let q = c - -14. List the prime factors of q.
3, 17
Let c(g) = 2*g - 15. Let h be c(7). Let j = 36 - h. What are the prime factors of j?
37
Let s be -2 + -3 + 4 + 198. Suppose 4*w - 5*x - s = 0, 3*w - 4*x = x + 154. What are the prime factors of w?
43
Let y = 99 + -55. List the prime factors of y.
2, 11
Let v(a) = -2*a - 8. Suppose -4*i + 4*t = 9*t + 16, -33 = 5*i + 3*t. Let k = 1 + i. List the prime factors of v(k).
2
Let d(n) = -54*n + 58. What are the prime factors of d(-6)?
2, 191
Suppose -2*x - 16 = -56. List the prime factors of x.
2, 5
Let w(a) = a - 1. Let f be w(4). Let k = f - 6. Let g(v) = -6*v - 3. What are the prime factors of g(k)?
3, 5
Suppose -169 = 10*v - 729. What are the prime factors of v?
2, 7
Let m(o) = -o**2 + o + 1. Let v(n) = 8*n - 10. Let q(i) = -m(i) + v(i). What are the prime factors of q(-10)?
19
Suppose 0 = -2*u + 5*h - 7, -2 = 4*u + 3*h - 1. Let i = u + 5. Suppose -q - 21 = -i*q. What are the prime factors of q?
7
Suppose -5*r + 3*i - 14 = 0, 5*r + 2*i = -6 - 18. Let f(c) = -10*c + 5. Let d be f(4). What are the prime factors of r/(-14) + (-200)/d?
2, 3
Suppose 22 = -4*f - 6. Let l = -2 - f. What are the prime factors of l?
5
Suppose -3*n + 408 = 3*f, f = -f - 3*n + 274. List the prime factors of f.
2, 67
Let d(c) = -c + 4. Let o be d(4). Suppose 5*f + x = 6, -f - 3*f - 4*x - 8 = o. List the prime factors of f.
2
List the prime factors of -3*3/(-6)*(-400)/(-6).
2, 5
Suppose -4*t + 12 = o, -t = -3*o - 3 - 0. Suppose 2*s + o*s - 10 = 0. Suppose s*b + 10 = 0, 0*b + 81 = 5*h - 3*b. What are the prime factors of h?
3, 5
Let c(r) = 9*r + 20. What are the prime factors of c(17)?
173
Suppose -p + w + 10 + 5 = 0, 3 = -w. Let i = 1 + p. What are the prime factors of i?
13
Let p(r) = r**3 - 6*r**2 + 3*r + 1. List the prime factors of p(7).
71
Let x be (4 + 0)*11/22. Let s = x + 30. What are the prime factors of s?
2
Suppose -627 + 131 = -8*b. List the prime factors of b.
2, 31
Suppose -3*j - 5*w - 26 = j, 2*w = j. Let l = j + 4. Suppose 3*n - 2*u - 59 = l, 4*n + 0*n - u - 72 = 0. List the prime factors of n.
17
Suppose 4*c + 6 = -10, 141 = -5*f - 4*c. Let a = -16 - f. What are the prime factors of a?
3
What are the prime factors of (1 - 0) + 1 + (-161)/(-7)?
5
What are the prime factors of (-127 + -3)*4/(-8)?
5, 13
Suppose -2*y - y - 9 = 0. Let a(z) = z - 1. Let g(j) = j - 1. Let q(k) = y*a(k) + 7*g(k). What are the prime factors of q(4)?
2, 3
Let h = 2 + 34. List the prime factors of h.
2, 3
List the prime factors of 44 - (-3 - -2 - -4).
41
Let n(r) = -r**2. Let f be n(-3). Let l be (-3)/(f/1)*3. What are the prime factors of (22 + -3)*l - 2?
17
Suppose -8*p = -12*p + 548. List the prime factors of p.
137
Suppose p + 3 = 5. Suppose -t + 369 = -4*c, 0 = p*c + 4*t - 9*t + 171. List the prime factors of 2/8 + c/(-12).
2
Let w(v) = 6*v**2 - 4*v - 1. What are the prime factors of w(-3)?
5, 13
Let v(h) = 8*h + 11. List the prime factors of v(12).
107
Suppose 4*r = -v + 16, 0 = -4*v - r - 2 + 66. Suppose 0 = 4*k + v, -2*k = m + 2*m - 10. Let y = 9 - m. List the prime factors of y.
3
Let w = -41 + 132. What are the prime factors of w?
7, 13
List the prime factors of 8/12 - (-115)/3.
3, 13
Let l(i) = i**2 - 2*i - 3. What are the prime factors of l(-2)?
5
Let z(h) = 10*h**2 + h + 1. Suppose 4 - 5 = -p. Let x = -2 + p. What are the prime factors of z(x)?
2, 5
Suppose 0 = -2*y - 5*u + 70, 5*u + 50 = -0*y + 2*y. List the prime factors of y.
2, 3, 5
Let n(h) = -h**2 + 18*h - 11. Let u(o) = -o**3 + 4*o**2 + 4*o + 1. Let w be u(-2). List the prime factors of n(w).
2, 3
Suppose 4*g - 401 = -i, -3*g - 2*g + 4*i = -475. What are the prime factors of g?
3, 11
Suppose -5*g = -176 - 9. List the prime factors of g.
37
Suppose -4*c = -4*b + 336, 380 = 5*b - 0*b + 3*c. List the prime factors of b.
79
Suppose 5*s + 10 = 0, -s = 2*i + 3*s + 48. Let k be ((-1)/(-2))/((-2)/i). Suppose 2*b = -b + k*v + 13, -3*b + 17 = -v. List the prime factors of b.
2, 3
Let c(l) = 6*l - 1. List the prime factors of c(2).
11
Let l = -43 - -58. What are the prime factors of l?
3, 5
Suppose -4*p - h = -669 - 892, 3*h = -3*p + 1173. What are the prime factors of p?
2, 3, 5, 13
Suppose 5*r - 8*r + 336 = 0. What are the prime factors of r?
2, 7
Let y(b) = -b**2 + 7*b + 11. Suppose 0*u = 2*u - 16. Let k be y(u). Suppose 4*j = k*j + 13. What are the prime factors of j?
13
Suppose -2*n = -7*n - 15. Let i(p) = -p**3 - p**2 + 2*p - 4. Let q be i(n). Suppose -q = -2*o + 5*h, -5*o - h = 5 - 52. List the prime factors of o.
3
Suppose 3*i + 79 = 4*i. What are the prime factors of i?
79
Let f(u) = -u**2 + 6*u - 6. Let x be f(5). Let n be (-25)/(-15) - x/3. Let w = n + 0. List the prime factors of w.
2
Let r(y) = 4*y**2 - 8*y - 12. What are the prime factors of r(-5)?
2
List the prime factors of 4/1 + (1 - -132 - 7).
2, 5, 13
Let s(m) = -m**3 + 6*m**2 + 2*m - 4. Let h(o) = -o**2 - 5*o + 6. Let w be h(-5). Let z be s(w). Let g = 2 + z. What are the prime factors of g?
2, 5
Suppose 8*h - 42 = 3*u + 3*h, -3*h + 27 = -2*u. Let w = -5 - u. List the prime factors of w.
2
Suppose 28 - 10 = 6*l. What are the prime factors of (l - 1) + 54 + -2?
2, 3
Suppose -564 = -0*t - 4*t - s, 3*t - 2*s - 434 = 0. List the prime factors of t.
2, 71
Suppose g - 12 + 0 = 0. Suppose 0 = 2*k - 4*p + g, -18 = -k - 0*p - 4*p. List the prime factors of k.
2
Let l = -140 - -80. Let w = 85 + l. Suppose 2*f + 14 = 2*v, 0*f = 3*v - 5*f - w. List the prime factors of v.
5
Let b = 1 + 211. What are the prime factors of b?
2, 53
Suppose 7 = k - 34. List the prime factors of k.
41
Suppose 0 = -2*h + 6*h - 36. Suppose 5*d + h = 2*d. Let y = 2 - d. List the prime factors of y.
5
Let s(j) = -8*j**2 + 6*j**2 - 3 + j**2 - 5*j. What are the prime factors of s(-2)?
3
Suppose t + 4 = -0. Let c(m) = -2*m - 2. What are the prime factors of c(t)?
2, 3
Suppose 3*j - 2 = 4*j. What are the prime factors of j + 53 + 0/4?
3, 17
List the prime factors of 5 - -1 - (9 + -10).
7
Let f(o) = o**3 + 6*o**2 + 7. Let a be f(-6). Let s = a - 13. List the prime factors of (-22)/s + 4/(-6).
3
Suppose -12 = 4*d - d. List the prime factors of 0 + (16 - (-4)/d).
3, 5
Let o(n) = 9*n**2 - n - 2. What are the prime factors of o(-2)?
2, 3
Suppose -5*v + 7 + 8 = 0. Suppose -4*p + 10 = v*f, 2*p = 5*p + 5*f - 2. List the prime factors of p.
2
Let n(w) = w + 2. Let j = 8 - 12. Let k be 0 + 1/((-2)/j). List the prime factors of n(k).
2
Let s = -16 - -6. Let x = s + 16. List the prime factors of x.
2, 3
Let l = -65 - -126. What are the prime factors of l?
61
Let v = 13 + -4. List the prime factors of v.
3
Suppose -5*j = 4*v - 692, -5*j = 4*v - 6*v + 376. List the prime factors of v.
2, 89
Suppose -5*g + 4*g + 3 = 0. Suppose g*d + i = 44, -3*d = 2*d + 4*i - 85. What are the prime factors of d?
13
Let u(p) = 36*p**3 + p**2 - p + 1. Let q = 5 - 4. List the prime factors of u(q).
37
Suppose 0 = -12*j + 1736 - 188. What are the prime factors of j?
3, 43
Let l(r) = -r**3 - r**2 - 2*r + 51. What are the prime factors of l(0)?
3, 17
Let i be 92/(-6) - 2/(-6). Let r = i - -24. List the prime factors of r.
3
Let i(l) = -l**3 + 8*l**2 + 13*l - 8. Let j be ((-6)/4)/((-1)/6). What are the prime factors of i(j)?
2, 7
Let u(o) = 3*o - 5. Let b be u(5). Suppose 9*y - b = 4*y. Suppose t + 2*d + y*d = 2, -3*t + 13 = 5*d. List the prime factors of t.
2, 3
Let h = 11 + 13. What are the prime factors of h?
2, 3
Let p be 1/5 + (-9)/(-5). Suppose 5 = o - m + 2*m, 0 = m - p. List the prime factors of 2/(o/(-3)) - -14.
2, 3
Let w(u) = 3*u**2 - 9*u + 4. What are the prime factors of w(6)?
2, 29
Let t be ((-8)/12 - 0)*-21. Suppose 0 = -2*o + 58 + t. List the prime factors of o.
2, 3
What are the prime factors of (-131)/(-7) + (-4)/